 + -1). Calculate the highest common divisor of q and 2.
2
Suppose -m = -14 + 15, 4*m = -r + 2. Suppose 4*q - 4*l = q + 140, l - 97 = -2*q. Calculate the highest common divisor of r and q.
6
Suppose -44 = -3*u + 10. Calculate the greatest common factor of 18 and u.
18
Let h(q) = -q**3 + 11*q**2 - 19*q + 14. Let v be h(7). Calculate the greatest common divisor of v and 11.
11
Let d(i) = 3*i - 22. Let o be d(5). Let w(y) = y**2 + 8*y + 43. Let j be w(o). What is the highest common divisor of j and 4?
4
Let l = 3 - 0. Suppose 3*f - 2*k = 20, -7*f - k + 11 = -5*f. Suppose q = 4*o + 7, -f*o - 71 = -5*q - 4*o. What is the greatest common factor of l and q?
3
Let z = -653 + 685. Let s be (0 + -12)/((-3)/2). What is the highest common factor of z and s?
8
Suppose 0 = 3*i + i - 44. Suppose 3*y - i = -t, -3*t + y = -0*t - 13. Suppose 0*v - 30 = -2*v. Calculate the highest common factor of v and t.
5
Suppose -25*n + 37*n - 2340 = 0. Calculate the greatest common factor of 78 and n.
39
Let d(x) = -2*x**2 - 12*x - 11. Let c(o) = -o - 1. Let a(z) = 3*c(z) - d(z). Let r be a(-6). Calculate the greatest common factor of 65 and r.
13
Let j(h) = 42*h - 101. Let y be j(10). What is the greatest common factor of y and 29?
29
Let f be 4/9 - 4910/(-90). Let o be -1 + 9*f/15. Calculate the highest common factor of o and 24.
8
Suppose 0 = 3*h + 5*h - 360. Let i = 63 - h. Let n = -4 + 10. What is the highest common factor of i and n?
6
Let d(x) = -2*x**2 - 27*x - 84. Let j be d(-6). Calculate the greatest common factor of j and 294.
6
Let b be (-197 - -1)*190/(-152). Calculate the highest common divisor of 7 and b.
7
Let r = -2 + 3. Let a(l) = l**3 - 9*l**2 + 8*l + 2. Suppose d = 4*d - 24. Let p be a(d). Calculate the greatest common factor of r and p.
1
Let c = -663 + 822. Calculate the highest common divisor of c and 6.
3
Let r = -47 + 39. Let t = 5 - r. What is the greatest common divisor of 117 and t?
13
Suppose 5*g - 154 = -9*g. What is the greatest common factor of g and 275?
11
Suppose -3*c + 298 = -z, -3*c + 7*z = 3*z - 310. Suppose 0*f - 3*f - p = -c, 3*p = 2*f - 58. Calculate the highest common divisor of f and 40.
8
Let r be (2 - (-5)/(-2)) + (-2886)/(-12). Calculate the greatest common divisor of r and 15.
15
Let u(j) = j**3 + 2*j**2 - 2*j. Suppose 2*s = -4*w, w + 4 = -3*w. Let q be u(s). What is the highest common divisor of q and 108?
12
Let p be 3*-28*1*(-4)/6. What is the highest common divisor of 8 and p?
8
Let y(l) = 3*l. Let x be y(9). Let i = x - 6. Let b be i + (-2)/(-6)*9. Calculate the greatest common factor of 6 and b.
6
Let i = 278 - 233. What is the highest common factor of i and 27?
9
Let q be (-544)/(-128) + (-2)/8. Let r = -24 - -36. What is the highest common factor of q and r?
4
Let t = 24 + -9. Let o(w) = -2*w**3 + 18*w**2 + 4*w - 25. Let k be o(8). What is the greatest common factor of k and t?
15
Let d = 13 - 4. Let j be (-21)/d*(-36)/2. What is the greatest common factor of j and 28?
14
Suppose -3*q - 246 = -5*q - 4*l, 4*q = 5*l + 466. Let v(m) = -m**3 - 4*m**2 + m - 49. Let g be v(-6). Calculate the highest common factor of q and g.
17
Suppose 3*l - 5*d - 164 = 0, -161 = -3*l - 5*d + 7*d. What is the greatest common factor of l and 6625?
53
Suppose 6*d = 162 + 12. Calculate the greatest common factor of 87 and d.
29
Let y(k) = -3*k + 49. Let r be y(15). Suppose -5*d + r*d + 396 = 0. Calculate the greatest common divisor of 36 and d.
36
Suppose 41 = 3*v - 79. Suppose 0 = -17*h + 9*h + 128. Calculate the highest common divisor of h and v.
8
Let c be 6 - 6/8*4. Let v be c + (-6)/3 + 38. What is the greatest common divisor of v and 26?
13
Suppose 3*z = 3*r + 1191, 3*z + r - 544 = 639. What is the highest common divisor of 79 and z?
79
Let u(m) = m**3 + 7*m**2 - 11*m - 25. Let s be u(-4). What is the highest common factor of 201 and s?
67
Let m be (21/(-4))/(36/(-48)). Suppose m*w - 77 = 7. Calculate the highest common divisor of w and 12.
12
Let r be 57/(-418)*-11*(-76)/(-6). Calculate the greatest common factor of 1007 and r.
19
Let r be -33*((-42)/(-9) + -5). Suppose 0 = 2*w - 4*w + 10. Suppose 0 = -o - o + w*t + 217, -o = -3*t - 106. What is the greatest common divisor of o and r?
11
Let y = 4 + 0. Suppose -m + 5*b - 10 = -0*m, -y*b = m - 8. Let i be (1 - 86)/(m + -1). Calculate the greatest common factor of 17 and i.
17
Let z = -269 + 367. Let c be 4/8*2 + 244. Calculate the greatest common divisor of z and c.
49
Suppose -3*n + 4*k - 23 = 0, -4*k = -3*n - 5*k - 13. Let z = -18 - -26. Let x = n + z. Calculate the highest common divisor of 6 and x.
3
Let m be 12/8*8/2. Let d = m + 8. What is the highest common divisor of d and 112?
14
Suppose 1543 - 25 = 23*o. What is the highest common divisor of o and 418?
22
Suppose -2*b + 0*s + 91 = -3*s, 2*s + 170 = 4*b. Let m(f) = -f**2 + 29*f + 1. Let z be m(12). What is the highest common divisor of b and z?
41
Let x be -3*3/(18/(-20)). Let f(g) = 2*g - 2. Let w be f(1). Suppose -i + 2 = -w. What is the highest common divisor of x and i?
2
Suppose 5*d + 4*a - 32 = 3*d, 0 = 3*d + 5*a - 48. Let o(z) = 17*z**2 - 1. Let q be o(-1). Calculate the greatest common divisor of d and q.
16
Let v(c) be the first derivative of 12*c + 5 + 1/2*c**2. Let o be v(0). Calculate the highest common factor of 108 and o.
12
Let r = -111 + 63. Let d be (-1212)/r + (-1)/4. Calculate the greatest common divisor of d and 10.
5
Suppose -11*q = -13*q + 32. Calculate the highest common factor of q and 40.
8
Let x = 261 - -62. Calculate the highest common divisor of 68 and x.
17
Suppose 164*q - 167*q + 1914 = 0. Calculate the greatest common divisor of 22 and q.
22
Let m = -121 - -176. Calculate the highest common divisor of 451 and m.
11
Let x(r) = -5*r - 22. Let v be x(16). Let b = v + 198. Calculate the greatest common factor of 64 and b.
32
Let h be (4/4)/((-1)/(-5)). Suppose -s + 31 = 2*s - 5*d, 5 = h*d. Let a be (-166)/(-3) + s/18. Calculate the highest common factor of 8 and a.
8
Suppose 3*l + 19*l - 7084 = 0. What is the greatest common divisor of l and 598?
46
Let x(o) = o**2 - 2. Let l be (7 - 4)/(6/4). Let c be x(l). Suppose c*z - 1 = 1. What is the highest common divisor of 1 and z?
1
Suppose 4*y - 48 = -p, -9 = -y + 2*p + 3. Suppose -8*f - 8 = -y*f. What is the greatest common factor of 6 and f?
2
Let j be -3*1*4/(-4). Suppose -5*s = j - 13. Suppose -4*x = 4*v - 40, -48 = -3*v - s*v - 3*x. Calculate the highest common divisor of v and 9.
9
Let r = 39 - 27. Let s be r*(2 + 16/(-6)). Let h be (-1)/4 + (-362)/s. Calculate the greatest common divisor of h and 30.
15
Suppose -3*w = -7*w + 5*i + 154, 3*w - 112 = 2*i. Suppose -20*r = -17*r - w. What is the highest common factor of 24 and r?
12
Suppose 7*q = 2*q + 290. Let m be (-2*q)/(3/(-6)). What is the greatest common factor of m and 29?
29
Suppose -165*b + 174*b = 495. Calculate the highest common factor of 88 and b.
11
Let k be (-29)/(-7) + (-2)/(18 + -4). Suppose c - 2*q - 136 = 0, c - k*q - 58 - 84 = 0. What is the highest common divisor of 26 and c?
26
Let h be 4 - (2 + 1 - 2). Let j(f) = f**2 - 3*f + 7. Let x be j(h). Calculate the highest common divisor of 56 and x.
7
Let b = -71 - -87. Calculate the greatest common divisor of b and 112.
16
Let q be 1040/(-8)*12/(-5). Let i be ((-2)/(-4))/(2/q). What is the highest common divisor of i and 52?
26
Suppose 0 = -3*t + 5*h + 6 - 24, 5*h = 15. Let a be (-4)/(t*8/(-36)). Let c = 25 + a. Calculate the highest common divisor of c and 63.
7
Let l(j) = -2*j + 14. Let v be l(6). Suppose 0*h - v*h + 16 = 0. Calculate the greatest common divisor of 1 and h.
1
Let s be -91*((-405)/63 - -6). Calculate the greatest common divisor of s and 39.
39
Let s = -33 - -27. Let r be 1353/44 + s/8. Let m(l) = 2*l - 6. Let z be m(8). What is the greatest common divisor of r and z?
10
Let q = -26 + 6. Let d be (60/16)/((-5)/q). Calculate the greatest common divisor of d and 15.
15
Let o = 6639 - 3913. Calculate the greatest common divisor of o and 94.
94
Suppose -5*m + m = 20, -6*z + 1685 = -m. What is the highest common factor of z and 168?
56
Let j = 2 + -5. Let z be (1 - j/(-2))*36. Let n = 8 - z. What is the highest common factor of 13 and n?
13
Suppose -3*m + 1764 = 2*i + 2*i, 5*m - 2940 = -5*i. Suppose 0*n - 4*n + m = 0. What